{"id":4913,"date":"2024-06-03T11:16:34","date_gmt":"2024-06-03T09:16:34","guid":{"rendered":"https:\/\/www.boutique.admr85.org\/?post_type=product&#038;p=4913"},"modified":"2024-06-03T11:18:27","modified_gmt":"2024-06-03T09:18:27","slug":"habillage-vehicules-centre-de-sante-infirmier-et-polyvalent-ref-85-092-2024","status":"publish","type":"product","link":"https:\/\/www.boutique.admr85.org\/index.php\/produit\/habillage-vehicules-centre-de-sante-infirmier-et-polyvalent-ref-85-092-2024\/","title":{"rendered":"Habillage v\u00e9hicules Centre de Sant\u00e9 Infirmier et Polyvalent- R\u00e9f. 85-092 (2024)"},"content":{"rendered":"","protected":false},"excerpt":{"rendered":"","protected":false},"featured_media":4914,"template":"","meta":[],"product_brand":[],"product_cat":[80,62],"product_tag":[],"class_list":{"0":"post-4913","1":"product","2":"type-product","3":"status-publish","4":"has-post-thumbnail","6":"product_cat-autocollants-signaletique-services-de-sante","7":"product_cat-services-de-sante","9":"entry","10":"has-media","12":"first","13":"onbackorder","14":"taxable","15":"shipping-taxable","16":"purchasable","17":"product-type-simple","18":"has-product-nav","19":"col","20":"span_1_of_4","21":"owp-content-center","22":"owp-thumbs-layout-horizontal","23":"owp-btn-big","24":"owp-tabs-layout-horizontal"},"_links":{"self":[{"href":"https:\/\/www.boutique.admr85.org\/index.php\/wp-json\/wp\/v2\/product\/4913","targetHints":{"allow":["GET"]}}],"collection":[{"href":"https:\/\/www.boutique.admr85.org\/index.php\/wp-json\/wp\/v2\/product"}],"about":[{"href":"https:\/\/www.boutique.admr85.org\/index.php\/wp-json\/wp\/v2\/types\/product"}],"wp:featuredmedia":[{"embeddable":true,"href":"https:\/\/www.boutique.admr85.org\/index.php\/wp-json\/wp\/v2\/media\/4914"}],"wp:attachment":[{"href":"https:\/\/www.boutique.admr85.org\/index.php\/wp-json\/wp\/v2\/media?parent=4913"}],"wp:term":[{"taxonomy":"product_brand","embeddable":true,"href":"https:\/\/www.boutique.admr85.org\/index.php\/wp-json\/wp\/v2\/product_brand?post=4913"},{"taxonomy":"product_cat","embeddable":true,"href":"https:\/\/www.boutique.admr85.org\/index.php\/wp-json\/wp\/v2\/product_cat?post=4913"},{"taxonomy":"product_tag","embeddable":true,"href":"https:\/\/www.boutique.admr85.org\/index.php\/wp-json\/wp\/v2\/product_tag?post=4913"}],"curies":[{"name":"wp","href":"https:\/\/api.w.org\/{rel}","templated":true}]}}