{"id":5196,"date":"2024-09-09T11:39:41","date_gmt":"2024-09-09T09:39:41","guid":{"rendered":"https:\/\/www.boutique.admr85.org\/?post_type=product&#038;p=5196"},"modified":"2026-02-19T14:36:21","modified_gmt":"2026-02-19T13:36:21","slug":"flyer-recrutement-aide-soignant-2024-ref-85-037","status":"publish","type":"product","link":"https:\/\/www.boutique.admr85.org\/index.php\/produit\/flyer-recrutement-aide-soignant-2024-ref-85-037\/","title":{"rendered":"Flyer recrutement aide-soignant &#8211; R\u00e9f. 85-157 (2025)"},"content":{"rendered":"<p>Recrutement Aide-Soignante \u00e0 domicile<\/p>\n<p>&nbsp;<\/p>\n","protected":false},"excerpt":{"rendered":"<p>A destination des prospects et clients &#8211; A distribuer dans les mairies, cabinets m\u00e9dicaux, \u00e9coles, services sociaux et commerces de proximit\u00e9<\/p>\n","protected":false},"featured_media":5588,"template":"","meta":[],"product_brand":[],"product_cat":[84,62],"product_tag":[],"class_list":{"0":"post-5196","1":"product","2":"type-product","3":"status-publish","4":"has-post-thumbnail","6":"product_cat-ressources-humaines-services-de-sante","7":"product_cat-services-de-sante","9":"entry","10":"has-media","12":"first","13":"instock","14":"taxable","15":"shipping-taxable","16":"purchasable","17":"product-type-simple","18":"has-product-nav","19":"col","20":"span_1_of_4","21":"owp-content-center","22":"owp-thumbs-layout-horizontal","23":"owp-btn-big","24":"owp-tabs-layout-horizontal"},"_links":{"self":[{"href":"https:\/\/www.boutique.admr85.org\/index.php\/wp-json\/wp\/v2\/product\/5196","targetHints":{"allow":["GET"]}}],"collection":[{"href":"https:\/\/www.boutique.admr85.org\/index.php\/wp-json\/wp\/v2\/product"}],"about":[{"href":"https:\/\/www.boutique.admr85.org\/index.php\/wp-json\/wp\/v2\/types\/product"}],"wp:featuredmedia":[{"embeddable":true,"href":"https:\/\/www.boutique.admr85.org\/index.php\/wp-json\/wp\/v2\/media\/5588"}],"wp:attachment":[{"href":"https:\/\/www.boutique.admr85.org\/index.php\/wp-json\/wp\/v2\/media?parent=5196"}],"wp:term":[{"taxonomy":"product_brand","embeddable":true,"href":"https:\/\/www.boutique.admr85.org\/index.php\/wp-json\/wp\/v2\/product_brand?post=5196"},{"taxonomy":"product_cat","embeddable":true,"href":"https:\/\/www.boutique.admr85.org\/index.php\/wp-json\/wp\/v2\/product_cat?post=5196"},{"taxonomy":"product_tag","embeddable":true,"href":"https:\/\/www.boutique.admr85.org\/index.php\/wp-json\/wp\/v2\/product_tag?post=5196"}],"curies":[{"name":"wp","href":"https:\/\/api.w.org\/{rel}","templated":true}]}}