{"id":5452,"date":"2025-01-03T15:50:56","date_gmt":"2025-01-03T14:50:56","guid":{"rendered":"https:\/\/www.boutique.admr85.org\/?post_type=product&#038;p=5452"},"modified":"2025-12-02T11:26:53","modified_gmt":"2025-12-02T10:26:53","slug":"livret-prevention-des-chutes","status":"publish","type":"product","link":"https:\/\/www.boutique.admr85.org\/index.php\/produit\/livret-prevention-des-chutes\/","title":{"rendered":"Livret Pr\u00e9vention des chutes &#8211; r\u00e9f 85-043 (2025)"},"content":{"rendered":"<p>Livret Pr\u00e9vention des chutes<br \/>\nLes Ateliers Pr\u00e9vention Sant\u00e9<\/p>\n","protected":false},"excerpt":{"rendered":"<p>Livret Pr\u00e9vention des chutes<br \/>\nLes Ateliers Pr\u00e9vention Sant\u00e9<\/p>\n","protected":false},"featured_media":6174,"template":"","meta":[],"product_brand":[],"product_cat":[86,62],"product_tag":[],"class_list":{"0":"post-5452","1":"product","2":"type-product","3":"status-publish","4":"has-post-thumbnail","6":"product_cat-prevention-sante","7":"product_cat-services-de-sante","9":"entry","10":"has-media","12":"first","13":"instock","14":"taxable","15":"shipping-taxable","16":"purchasable","17":"product-type-simple","18":"has-product-nav","19":"col","20":"span_1_of_4","21":"owp-content-center","22":"owp-thumbs-layout-horizontal","23":"owp-btn-big","24":"owp-tabs-layout-horizontal","25":"has-no-thumbnails"},"_links":{"self":[{"href":"https:\/\/www.boutique.admr85.org\/index.php\/wp-json\/wp\/v2\/product\/5452","targetHints":{"allow":["GET"]}}],"collection":[{"href":"https:\/\/www.boutique.admr85.org\/index.php\/wp-json\/wp\/v2\/product"}],"about":[{"href":"https:\/\/www.boutique.admr85.org\/index.php\/wp-json\/wp\/v2\/types\/product"}],"wp:featuredmedia":[{"embeddable":true,"href":"https:\/\/www.boutique.admr85.org\/index.php\/wp-json\/wp\/v2\/media\/6174"}],"wp:attachment":[{"href":"https:\/\/www.boutique.admr85.org\/index.php\/wp-json\/wp\/v2\/media?parent=5452"}],"wp:term":[{"taxonomy":"product_brand","embeddable":true,"href":"https:\/\/www.boutique.admr85.org\/index.php\/wp-json\/wp\/v2\/product_brand?post=5452"},{"taxonomy":"product_cat","embeddable":true,"href":"https:\/\/www.boutique.admr85.org\/index.php\/wp-json\/wp\/v2\/product_cat?post=5452"},{"taxonomy":"product_tag","embeddable":true,"href":"https:\/\/www.boutique.admr85.org\/index.php\/wp-json\/wp\/v2\/product_tag?post=5452"}],"curies":[{"name":"wp","href":"https:\/\/api.w.org\/{rel}","templated":true}]}}